596
In base 9, what is -3 - 33770?
-33773
In base 15, what is -82 - 4e1?
-573
In base 2, what is -1010000111010 - 1010?
-1010001000100
In base 4, what is 1100333322 - 2?
1100333320
In base 12, what is 3a3836 - 2?
3a3834
In base 8, what is -53 + -11733?
-12006
In base 4, what is -1130111 - -21?
-1130030
In base 2, what is -1011111001 - 11100000010?
-100111111011
In base 14, what is 3ad5 + -10?
3ac5
In base 15, what is 49 + -217?
-1bd
In base 12, what is 0 - 3027?
-3027
In base 13, what is -622 - -108?
-517
In base 12, what is -12 + -102?
-114
In base 16, what is 25ce20 - 0?
25ce20
In base 3, what is 201 - -1122001020?
1122001221
In base 5, what is 4324033 + 10?
4324043
In base 2, what is -1 - 1001010000011110011?
-1001010000011110100
In base 10, what is -47 + 3222?
3175
In base 10, what is 3 + 168233?
168236
In base 2, what is 101101110001 + 11000?
101110001001
In base 9, what is 6 + -732247?
-732241
In base 11, what is -120a1 + -30?
-12121
In base 3, what is 2122112011 - -122?
2122112210
In base 13, what is -31 + 340?
30c
In base 12, what is -2238 - -26?
-2212
In base 12, what is 1b28 - -74?
1ba0
In base 12, what is 3377 - 14?
3363
In base 14, what is -1d49 - 5?
-1d50
In base 15, what is 3 - 931b?
-9318
In base 6, what is 3 - 100245?
-100242
In base 9, what is -3053 + 61?
-2882
In base 13, what is -1049 + 12?
-1037
In base 13, what is 4 - 174aa?
-174a6
In base 13, what is 60 - 11354?
-112c4
In base 3, what is -201 - -2202100?
2201122
In base 12, what is -4 - -10987a?
109876
In base 9, what is 170 + -124?
45
In base 6, what is 1 - -1451?
1452
In base 14, what is 1 - -2802b2?
2802b3
In base 10, what is 18530 - 3?
18527
In base 9, what is 1335 - -12?
1347
In base 7, what is 0 - -3353602?
3353602
In base 4, what is 11 - -111220101?
111220112
In base 8, what is -161045 - -2?
-161043
In base 7, what is -1021 - -621?
-100
In base 11, what is 1230 + -1?
122a
In base 15, what is 8d96 - 32?
8d64
In base 2, what is -1 - 110101110110100000?
-110101110110100001
In base 15, what is 38e03c - 3?
38e039
In base 16, what is -76 + 873?
7fd
In base 7, what is -14 - -44651?
44634
In base 12, what is -2bb7 - -2?
-2bb5
In base 4, what is 132 - 121102?
-120310
In base 7, what is -46166 - -15?
-46151
In base 7, what is 154126 - 1?
154125
In base 12, what is -107 - -2b?
-98
In base 13, what is 1a + 906?
923
In base 3, what is 10120 + 1121?
12011
In base 9, what is -182432 + -1?
-182433
In base 5, what is 2433 + -341?
2042
In base 8, what is 26 + -71347?
-71321
In base 12, what is -109149 + 4?
-109145
In base 7, what is 3363 + -4142?
-446
In base 6, what is -23 + 20542?
20515
In base 7, what is 536 + 56?
625
In base 12, what is 43bb39 - -4?
43bb41
In base 16, what is 5a60 + 2?
5a62
In base 10, what is -298 + -328?
-626
In base 8, what is 7736 - -1?
7737
In base 2, what is -1100 + -11011000111110?
-11011001001010
In base 10, what is -883 - -5696?
4813
In base 16, what is -fc + 2f?
-cd
In base 10, what is -2 - 1322?
-1324
In base 15, what is 1e9 + 461?
65a
In base 13, what is 5 - 39501?
-394c9
In base 6, what is -2404 - -1044?
-1320
In base 6, what is -35 - 150322?
-150401
In base 6, what is -103 - 35330?
-35433
In base 4, what is -3 - 2301101?
-2301110
In base 6, what is -1 + -2435303?
-2435304
In base 3, what is 2110021122212 + 11?
2110021200000
In base 9, what is -7265 + 762?
-6403
In base 15, what is -31c0c6 - -4?
-31c0c2
In base 4, what is 33130223 + 10?
33130233
In base 3, what is -10022101202 + 0?
-10022101202
In base 8, what is -235704 + 3?
-235701
In base 8, what is -231 - 530?
-761
In base 2, what is -1010100101 - -110?
-1010011111
In base 7, what is -2 + 43126?
43124
In base 3, what is -110110100001 + -211?
-110110100212
In base 11, what is -1275 - -3a?
-1236
In base 9, what is 476657 - -5?
476663
In base 5, what is -2021 - 11120?
-13141
In base 3, what is 22002112 + -1?
22002111
In base 15, what is -4 - e37a?
-e37e
In base 10, what is 1614310 - -3?
1614313
In base 7, what is 144613 + 43?
144656
In base 14, what is 21bab + 0?
21bab
In base 16, what is -2 + 248c3?
248c1
In base 12, what is 1 - 5271?
-5270
In base 8, what is 26277 - 206?
26071
In base 15, what is 280 - 38?
247
In base 12, what is 2 - -1a287?
1a289
In base 9, what is -16471 + 3?
-16467
In base 13, what is -b801 - -12?
-b7bc
In base 8, what is -177 + 2317?
2120
In base 5, what is -1313 + 1230?
-33
In base 10, what is 453902 - -5?
453907
In base 4, what is -23 - -211203011?
211202322
In base 14, what is -9 + 1c17?
1c0c
In base 3, what is 222101000 + 0?
222101000
In base 14, what is 354a + -5?
3545
In base 9, what is -4488 + 11?
-4477
In base 13, what is -380 - 365?
-715
In base 6, what is 13543 - 3?
13540
In base 16, what is -1 - 3b7?
-3b8
In base 2, what is -111000110 - -111100?
-110001010
In base 14, what is -36 - 326?
-35c
In base 16, what is -88 + 430?
3a8
In base 3, what is 2 + -1001002212?
-1001002210
In base 16, what is fb22 + -3?
fb1f
In base 13, what is 448 - -4?
44c
In base 7, what is 0 - 56366?
-56366
In base 16, what is -174 - 1f5e?
-20d2
In base 6, what is -11313 - 11?
-11324
In base 12, what is 4531 - 140?
43b1
In base 12, what is -21a337 + 2?
-21a335
In base 15, what is -3 - -133?
130
In base 14, what is 74696 - -1?
74697
In base 10, what is 26 - 3956?
-3930
In base 14, what is 6 + 2158?
2160
In base 7, what is -2 + -30125?
-30130
In base 8, what is -2141 - -1500?
-441
In base 5, what is 40112 - -20?
40132
In base 5, what is -4320 + 1430?
-2340
In base 12, what is -262797 - 4?
-26279b
In base 12, what is -83ab + 4?
-83a7
In base 14, what is 22c20 + 0?
22c20
In base 5, what is -3443321 + 13?
-3443303
In base 12, what is -18127 - 33?
-1815a
In base 2, what is -1101 - -1101010111010101?
1101010111001000
In base 9, what is -50 - -113262?
113212
In base 10, what is 77694 + -13?
77681
In base 3, what is 10 + 2111102121?
2111102201
In base 10, what is -100 + 2055?
1955
In base 7, what is 30445 + -105?
30340
In base 11, what is 15 - 2801?
-2797
In base 3, what is 11 - -20101000211?
20101000222
In base 12, what is 28407 - 29?
2839a
In base 5, what is 0 + 2101210?
2101210
In base 9, what is -12 + 447417?
447405
In base 11, what is 3a9 - -130?
529
In base 11, what is 958431 + -1?
958430
In base 11, what is 238 - 18?
220
In base 4, what is 211 + -11211?
-11000
In base 9, what is -120703 + 30?
-120663
In base 2, what is 100000 - 11101001111110?
-11101001011110
In base 3, what is -11 - 20101020001?
-20101020012
In base 16, what is 2b1 + -10?
2a1
In base 14, what is 1 - -3b9d?
3ba0
In base 6, what is 4433 + 11302?
20135
In base 15, what is 1b6 + -37e?
-1b8
In base 16, what is 4ef3 + 5?
4ef8
In base 3, what is 2001 + 22201111?
22210112
In base 14, what is 4 - a3994?
-a3990
In base 11, what is 12956 - -31?
12987
In base 2, what is 100110100111 - 1000?
100110011111
In base 2, what is 1010110 + 1101010011?
1110101001
In base 15, what is -1 + -354e?
-3550
In base 4, what is 2 - 321103112?
-321103110
In base 11, what is 107973 - -1?
107974
In base 4, what is -1100 + 113321?
112221
In base 3, what is 122202112021 - 2?
122202112012
In base 6, what is 152 + 13045?
13241
In base 2, what is 111011111111001000 - -11?
111011111111001011
In base 10, what is -3600 + 122?
-3478
In base 16, what is 1cc + -14c?
80
In base 3, what is 1020221021102 + 12?
1020221021121
In base 2, what is 11 - 10100001100111?
-10100001100100
In base 7, what is -2326 + 6014?
3355
In base 3, what is -10002120 + -201?
-10010021
In base 7, what is 12 + -203451?
-203436
In base 12, what is -7b - 21?
-a0
In base 11, what is 12832 + -2?
12830
In base 3, what is 2012 + 2101022?
2110111
In base 8, what is -10520 + -1?
-10521
In base 6, what is 4 + -2310255?
-2310251
In base 15, what is 2 - 11044?
-11042
In base 16, what is -186ca - -3?
-186c7
In base 8, what is 126 - -700?
1026
In base 7, what is -1425 - -216?
-1206
In base 13, what is 24 + -3aa?
-386
In base 2, what is -111 - -110000101110?
110000100111
In base 9, what is 2 + 101057?
101060
In base 16, what is -6e - 1d52?
-1dc0
In base 3, what is -2111011 + 22220?
-2011021
In base 5, what is -10341421 - -4?
-10341412
In base 6, what is 155 + -5550?
-5351
In base 8, what is -124010 - 4?
-124014
In base 4, what is -1313010 + 2312?
-1310032
In base 10, what is -270 - -137?
-133
In base 2, what